{"id":1838,"date":"2019-07-10T11:56:30","date_gmt":"2019-07-10T14:56:30","guid":{"rendered":"https:\/\/mtgsport.com.ar\/inicio\/?post_type=product&#038;p=1838"},"modified":"2022-04-08T11:09:42","modified_gmt":"2022-04-08T14:09:42","slug":"putoline-sport-4-15w50","status":"publish","type":"product","link":"https:\/\/mtgsport.com.ar\/inicio\/producto\/putoline-sport-4-15w50","title":{"rendered":"SPORT 4R 15W50"},"content":{"rendered":"","protected":false},"excerpt":{"rendered":"<h3>SPORT 4R 15W50<\/h3>\n<p><strong>Semi-sint\u00e9tico<br \/>\n<\/strong>Uso Touring \/ Urbano<br \/>\nJaso MA2\/ API SM<\/p>\n<p>Sport 4R 15W-50 es un aceite semisint\u00e9tico avanzado para motos de 4 tiempos con el revolucionario sistema de aditivos N-TECH\u00ae. El aceite Sport 4R con la tecnolog\u00eda de aditivos N-TECH\u00ae garantiza:<\/p>\n<div class=\"usertext\">\n<ul>\n<li>Excelente compatibilidad con embragues h\u00famedos<\/li>\n<li>Desgaste m\u00ednimo del motor y de la transmisi\u00f3n. Consumo de aceite m\u00ednimo<\/li>\n<li>Propiedades de viscosidad excelentes incluso a bajas temperaturas, lo cual previene significativamente el desgaste en los arranques en fr\u00edo<\/li>\n<li>Excelentes propiedades de limpieza que garantizan un rendimiento \u00f3ptimo del motor a largo plazo<\/li>\n<li>Extraordinarias propiedades de lubricaci\u00f3n durante toda la vida \u00fatil Este aceite de motor resulta especialmente adecuado para motocicletas de carretera, offroad y de competici\u00f3n que se usan en las condiciones m\u00e1s exigentes<\/li>\n<\/ul>\n<\/div>\n<p><i>Presentaci\u00f3n<\/i>: 12x botella de 1 L<\/p>\n<p><em>Cod: <\/em>70200<\/p>\n","protected":false},"featured_media":3688,"template":"","meta":[],"product_cat":[147,148],"product_tag":[],"class_list":["post-1838","product","type-product","status-publish","has-post-thumbnail","hentry","product_cat-putoline-oils","product_cat-4-tiempos"],"_links":{"self":[{"href":"https:\/\/mtgsport.com.ar\/inicio\/wp-json\/wp\/v2\/product\/1838","targetHints":{"allow":["GET"]}}],"collection":[{"href":"https:\/\/mtgsport.com.ar\/inicio\/wp-json\/wp\/v2\/product"}],"about":[{"href":"https:\/\/mtgsport.com.ar\/inicio\/wp-json\/wp\/v2\/types\/product"}],"wp:featuredmedia":[{"embeddable":true,"href":"https:\/\/mtgsport.com.ar\/inicio\/wp-json\/wp\/v2\/media\/3688"}],"wp:attachment":[{"href":"https:\/\/mtgsport.com.ar\/inicio\/wp-json\/wp\/v2\/media?parent=1838"}],"wp:term":[{"taxonomy":"product_cat","embeddable":true,"href":"https:\/\/mtgsport.com.ar\/inicio\/wp-json\/wp\/v2\/product_cat?post=1838"},{"taxonomy":"product_tag","embeddable":true,"href":"https:\/\/mtgsport.com.ar\/inicio\/wp-json\/wp\/v2\/product_tag?post=1838"}],"curies":[{"name":"wp","href":"https:\/\/api.w.org\/{rel}","templated":true}]}}