{"id":1853,"date":"2019-07-10T12:29:13","date_gmt":"2019-07-10T15:29:13","guid":{"rendered":"https:\/\/mtgsport.com.ar\/inicio\/?post_type=product&#038;p=1853"},"modified":"2020-07-06T15:44:00","modified_gmt":"2020-07-06T18:44:00","slug":"putoline-ester-tech-10w60","status":"publish","type":"product","link":"https:\/\/mtgsport.com.ar\/inicio\/producto\/putoline-ester-tech-10w60","title":{"rendered":"ESTER TECH 10W60"},"content":{"rendered":"","protected":false},"excerpt":{"rendered":"<p><strong>ESTER TECH 10W60<br \/>\n<\/strong>OFF ROAD<br \/>\nCompetici\u00f3n<br \/>\nJaso MA2\/API SM<\/p>\n<p>Aceite de motor sint\u00e9tico para motos de 4 tiempos de competici\u00f3n. Con el conocido sistema de aditivos Ester Tech. Gran protecci\u00f3n frente al desgaste, m\u00e1ximo rendimiento y compatibilidad \u00f3ptima con embragues h\u00famedos para motos todo terreno. Garantiza una mayor vida \u00fatil del motor incluso en condiciones de competici\u00f3n adversas<\/p>\n<p><em>Presentaci\u00f3n:<\/em> 12x botella de 1 L<\/p>\n<p>Cod: 70638<\/p>\n","protected":false},"featured_media":1854,"template":"","meta":[],"product_cat":[147,149],"product_tag":[],"class_list":["post-1853","product","type-product","status-publish","has-post-thumbnail","hentry","product_cat-putoline-oils","product_cat-4-tiempos-off-road"],"_links":{"self":[{"href":"https:\/\/mtgsport.com.ar\/inicio\/wp-json\/wp\/v2\/product\/1853","targetHints":{"allow":["GET"]}}],"collection":[{"href":"https:\/\/mtgsport.com.ar\/inicio\/wp-json\/wp\/v2\/product"}],"about":[{"href":"https:\/\/mtgsport.com.ar\/inicio\/wp-json\/wp\/v2\/types\/product"}],"wp:featuredmedia":[{"embeddable":true,"href":"https:\/\/mtgsport.com.ar\/inicio\/wp-json\/wp\/v2\/media\/1854"}],"wp:attachment":[{"href":"https:\/\/mtgsport.com.ar\/inicio\/wp-json\/wp\/v2\/media?parent=1853"}],"wp:term":[{"taxonomy":"product_cat","embeddable":true,"href":"https:\/\/mtgsport.com.ar\/inicio\/wp-json\/wp\/v2\/product_cat?post=1853"},{"taxonomy":"product_tag","embeddable":true,"href":"https:\/\/mtgsport.com.ar\/inicio\/wp-json\/wp\/v2\/product_tag?post=1853"}],"curies":[{"name":"wp","href":"https:\/\/api.w.org\/{rel}","templated":true}]}}